or of 264 and 33.
33
What is the greatest common divisor of 24 and 1260?
12
Calculate the greatest common divisor of 40 and 1480.
40
What is the greatest common factor of 7123 and 51?
17
Calculate the highest common divisor of 1080 and 80.
40
What is the greatest common factor of 159 and 1537?
53
What is the highest common divisor of 49 and 749?
7
What is the greatest common divisor of 133 and 2375?
19
Calculate the highest common factor of 391 and 115.
23
What is the highest common divisor of 37766 and 46?
46
Calculate the greatest common divisor of 48 and 624.
48
Calculate the highest common factor of 6915 and 15.
15
Calculate the highest common divisor of 18192 and 96.
48
Calculate the greatest common divisor of 170 and 455.
5
What is the highest common divisor of 256 and 33536?
256
What is the highest common divisor of 1005 and 15879?
201
Calculate the greatest common factor of 12 and 69.
3
Calculate the highest common divisor of 90 and 4020.
30
Calculate the greatest common factor of 114 and 304.
38
Calculate the greatest common factor of 3822 and 117.
39
What is the highest common divisor of 192 and 320?
64
What is the greatest common factor of 72 and 162?
18
What is the highest common factor of 54 and 54?
54
Calculate the greatest common divisor of 1185 and 105.
15
What is the greatest common divisor of 33 and 88?
11
Calculate the highest common factor of 19 and 10.
1
What is the highest common factor of 324 and 54?
54
What is the highest common factor of 16 and 436?
4
Calculate the highest common factor of 285 and 456.
57
What is the greatest common factor of 153 and 15?
3
What is the greatest common divisor of 21 and 831?
3
Calculate the highest common factor of 194 and 2134.
194
Calculate the highest common factor of 344 and 430.
86
Calculate the greatest common factor of 200 and 650.
50
Calculate the highest common factor of 45 and 2115.
45
Calculate the greatest common divisor of 7070 and 202.
202
What is the greatest common divisor of 82 and 226?
2
What is the greatest common factor of 234 and 51246?
234
What is the greatest common factor of 10 and 3130?
10
Calculate the greatest common factor of 1440 and 210.
30
Calculate the greatest common divisor of 75 and 495.
15
What is the greatest common divisor of 2880 and 96?
96
What is the highest common divisor of 98 and 1078?
98
Calculate the highest common factor of 166 and 12533.
83
What is the highest common factor of 928 and 58?
58
Calculate the greatest common divisor of 57 and 450.
3
What is the highest common divisor of 36 and 36?
36
Calculate the greatest common divisor of 124 and 6572.
124
What is the highest common factor of 1241 and 1003?
17
Calculate the greatest common factor of 175 and 15.
5
Calculate the greatest common divisor of 714 and 510.
102
Calculate the greatest common divisor of 5 and 80.
5
Calculate the highest common divisor of 988 and 38.
38
Calculate the greatest common factor of 57 and 76.
19
Calculate the greatest common factor of 58 and 2465.
29
Calculate the greatest common divisor of 524 and 393.
131
What is the greatest common factor of 909 and 14241?
303
What is the highest common factor of 286 and 26?
26
What is the highest common divisor of 384 and 4176?
48
Calculate the greatest common factor of 325 and 8385.
65
What is the highest common factor of 17 and 34?
17
Calculate the greatest common divisor of 6 and 1038.
6
What is the greatest common factor of 329 and 47?
47
Calculate the highest common divisor of 952 and 168.
56
Calculate the highest common factor of 69 and 1932.
69
Calculate the greatest common divisor of 94 and 11938.
94
Calculate the highest common divisor of 22 and 407.
11
Calculate the greatest common factor of 913 and 747.
83
What is the greatest common factor of 506 and 92?
46
What is the highest common factor of 11300 and 300?
100
What is the highest common divisor of 13112 and 440?
88
Calculate the greatest common divisor of 20 and 450.
10
Calculate the highest common divisor of 9 and 17154.
9
What is the highest common factor of 365 and 110?
5
Calculate the greatest common factor of 92 and 3082.
46
What is the highest common divisor of 81 and 189?
27
What is the highest common divisor of 308 and 6860?
28
What is the greatest common divisor of 3285 and 45?
45
Calculate the greatest common factor of 22 and 566.
2
What is the highest common divisor of 12276 and 11?
11
What is the highest common factor of 362 and 1991?
181
What is the greatest common divisor of 52 and 442?
26
What is the greatest common divisor of 144 and 1692?
36
What is the highest common factor of 481 and 111?
37
Calculate the highest common factor of 12 and 714.
6
Calculate the highest common divisor of 49492 and 4.
4
What is the highest common divisor of 1472 and 575?
23
What is the highest common divisor of 576 and 612?
36
What is the greatest common divisor of 55 and 1370?
5
Calculate the greatest common divisor of 145 and 2465.
145
Calculate the highest common factor of 133 and 475.
19
Calculate the greatest common factor of 3 and 3486.
3
Calculate the greatest common divisor of 1679 and 506.
23
Calculate the highest common factor of 1564 and 184.
92
What is the highest common factor of 8875 and 125?
125
Calculate the highest common factor of 5841 and 59.
59
Calculate the greatest common divisor of 658 and 188.
94
Calculate the greatest common factor of 162 and 252.
18
Calculate the highest common divisor of 30 and 30.
30
Calculate the highest common factor of 85 and 935.
85
What is the greatest common factor of 16 and 17?
1
Calculate the greatest common divisor of 10535 and 215.
215
What is the highest common factor of 7 and 623?
7
Calculate the highest common divisor of 25 and 25.
25
What is the greatest common factor of 468 and 4797?
117
What is the greatest common divisor of 189 and 1647?
27
Calculate the highest common factor of 234 and 3406.
26
What is the greatest common factor of 15585 and 30?
15
What is the highest common factor of 695 and 5?
5
Calculate the greatest common divisor of 2324 and 28.
28
Calculate the highest common divisor of 4 and 32444.
4
Calculate the highest common divisor of 897 and 39.
39
What is the greatest common divisor of 46 and 506?
46
What is the highest common divisor of 132 and 1804?
44
What is the greatest common divisor of 1225 and 98?
49
What is the highest common divisor of 768 and 6?
6
What is the greatest common factor of 986 and 58?
58
What is the highest common factor of 134 and 18626?
134
What is the greatest common factor of 3112 and 2723?
389
Calculate the greatest common divisor of 1225 and 3283.
49
Calculate the highest common divisor of 16454 and 57.
19
Calculate the greatest common divisor of 12123 and 27.
27
Calculate the greatest common factor of 964 and 4.
4
What is the greatest common divisor of 104 and 858?
26
Calculate the greatest common factor of 132 and 429.
33
What is the greatest common factor of 10923 and 99?
33
What is the greatest common divisor of 138 and 1449?
69
What is the highest common factor of 6822 and 12?
6
What is the greatest common divisor of 4 and 163?
1
What is the greatest common factor of 370 and 70?
10
What is the highest common divisor of 27 and 108?
27
Calculate the highest common divisor of 140 and 875.
35
Calculate the greatest common divisor of 819 and 1323.
63
Calculate the highest common divisor of 59 and 1.
1
Calculate the highest common divisor of 5778 and 72.
18
Calculate the highest common factor of 67 and 2.
1
Calculate the greatest common divisor of 3887 and 1521.
169
What is the greatest common factor of 67 and 469?
67
Calculate the greatest common factor of 78 and 26.
26
Calculate the highest common factor of 17689 and 49.
49
What is the highest common factor of 35 and 415?
5
What is the greatest common factor of 52 and 39?
13
Calculate the greatest common divisor of 138 and 736.
46
What is the highest common factor of 2776 and 16?
8
Calculate the greatest common factor of 486 and 27.
27
Calculate the greatest common factor of 17 and 2227.
17
Calculate the highest common factor of 153 and 1343.
17
Calculate the greatest common divisor of 27 and 2061.
9
Calculate the greatest common factor of 44784 and 96.
48
What is the highest common factor of 1079 and 